3
Let n(t) = t + 26. Let a be n(0). Suppose a = 4*m - 34. Suppose m = w + u - 2, 4*w - 5*u = 68. What is the tens digit of w?
1
Let l = -18 - -10. What is the units digit of ((-10)/l)/(2/8)?
5
Let m(w) = -57*w + 2. Let x be m(-6). Suppose 0*u - x = -4*u. Suppose 2*v = -2*r + u, -93 = -2*v + 2*r - 15. What is the units digit of v?
1
Suppose o = -o + 6. Suppose -x + 242 = o*f, 5*f - 2*f = 5*x + 248. Let d = f + -34. What is the tens digit of d?
4
Suppose -3*x = 2*x - 35. Let y(a) = 2*a + 6. Let f be y(x). Suppose -12 = -3*k, -k = 3*d - 5*k - f. What is the tens digit of d?
1
Let p = -3083 + 3775. What is the hundreds digit of p?
6
Let f be (-4 - (-1 + -4))/(-1). What is the tens digit of ((-1)/(-1))/(f + 32/30)?
1
Let h(r) = 6*r + 9. Let p(d) = -d + 11. Let z be p(15). Let w be h(z). Let c = 41 - w. What is the units digit of c?
6
Suppose -3*n + 9 = -0*n. Suppose 5*d - 76 = -n*a, -a + 4*a = 3*d - 36. What is the tens digit of d?
1
Suppose -5 = l, 2*l = -4*s - s + 4290. What is the units digit of s?
0
Let k(b) = -7*b**2 - 2*b + 5. Let u be k(-4). What is the tens digit of (3 + u/15)*(-74 + 4)?
5
Let v be 0/((-3 - -2)*-4). Suppose v = -4*i + 14 + 38. What is the tens digit of i?
1
Let z(f) = 3*f + 40 - 2*f + 3 - 7. What is the tens digit of z(21)?
5
What is the units digit of 2 + -19*(-20 + -1)?
1
Let v = -802 + 1609. What is the units digit of v?
7
Suppose -41 - 193 = -9*z. What is the units digit of z?
6
Let a(u) = 8*u**2 + 32*u + 13. Let g be a(-11). Let k = g + -367. What is the units digit of k?
2
Suppose -3*t + 6*t = 3*d - 3219, 5*t - 1085 = -d. What is the tens digit of d?
7
Let j = -3093 + 6058. What is the thousands digit of j?
2
Let c(f) = 45*f**2 - 6 - 1 - 44*f**2. Let d be c(3). What is the tens digit of (d/(-8))/(3/(-132))?
1
Suppose 0 = -3*m + 5*q - 40, 4*q - 22 - 8 = 2*m. What is the tens digit of (m + 53)*2/4?
2
Let c be (-4)/(-8) - 61/(-2). Suppose -5*n = -784 - c. What is the tens digit of n?
6
Suppose 1109 = 2*t - 3*u, t - 4*t - 3*u = -1701. What is the units digit of t?
2
What is the units digit of ((-3)/(-2) - 1)*(81 - 65)?
8
Let h = 7 + 9. Let r = 19 - 19. Suppose -2*l = r, -k - l + 17 = -h. What is the tens digit of k?
3
Suppose 0 = -3*x + 4*n - 2*n + 35, 5*x - 53 = 2*n. Suppose -513 = -x*f + 6*f. What is the units digit of f?
1
Let r(a) = a + 5. Let y be r(4). Suppose -b - y + 159 = 0. What is the units digit of b?
0
Suppose -3*l = -b - 1128, 3*l = -16*b + 12*b + 1128. What is the hundreds digit of l?
3
Let f(j) = 6*j + 18. Let n be f(-8). Let q be (-46)/(-5) + (-24)/n. Suppose 0 = -q*c + 5*c + 50. What is the tens digit of c?
1
Let g be (-646)/(-51) + (-1)/(-3). Let c = 17 + g. What is the units digit of c?
0
Suppose -2*v + 26 = 4*y - 0*v, -3*y - 13 = -5*v. Suppose 205 = d - 4*g, -3*d - y*g + 3*g + 654 = 0. What is the tens digit of d?
1
Let y(o) = 7*o - 6. Let h be y(-12). Let r = h + 206. What is the tens digit of r?
1
Let q(r) = 35*r**2 - 27*r - 3. What is the hundreds digit of q(-2)?
1
Suppose 0 = 5*r + 2*l - 4757, -4*l - 608 - 3192 = -4*r. What is the tens digit of r?
5
Suppose 0 = 5*v - v - 236. Let c = v + -25. What is the units digit of c?
4
Let m be (-12 - (1 - -1))/(2/12). What is the units digit of (-9)/(-12)*m/(-9)?
7
Suppose -3*z + 0*z + 6 = 0, 0 = -3*f + z + 4. Suppose -2*g = f, -3*h - 3*g = 86 - 269. What is the units digit of h?
2
Let f = 236 - 163. What is the units digit of f?
3
Suppose -5*q = 3*i - 7, 1 = -3*i - 2. Suppose -q*m + 99 = -7. What is the tens digit of m?
5
Suppose -2 - 8 = -5*g. Let t be 5/(5/g) - -29. Let j = 59 - t. What is the tens digit of j?
2
Suppose 0*f + 972 = 4*f. Suppose f = 7*l - 149. What is the tens digit of l?
5
Let j = 11 + -10. Let i(v) = 3 + 0 - 1 + 30*v - 1. What is the units digit of i(j)?
1
Let d(q) = -q**2 - 7*q + 8. Let k be d(-7). Suppose k*w - 5*w = 153. What is the units digit of w?
1
Suppose -j = w - 1184, -w - 1589 + 5143 = 3*j. What is the tens digit of j?
8
Suppose -z = 97 + 38. Let h(q) = -6*q - 123. Let y be h(-20). What is the tens digit of -6*(z/(-6))/y?
4
Suppose o = 10 - 7. Suppose 4*m = o*m + 36. Suppose 3*h - 30 - m = 0. What is the tens digit of h?
2
Suppose 6*r - 1762 - 1994 = 0. What is the units digit of r?
6
Let a(u) = -153*u + 227. What is the units digit of a(-6)?
5
Let o = -9 + 11. Suppose 0 = o*f - 0*f. Suppose -3*s = -18 - f. What is the units digit of s?
6
Suppose -1826 = 12*u + 1606. Let g = u - -517. What is the units digit of g?
1
Let h be (-41)/((-17)/(-4) + -4). Let b = h - -288. What is the hundreds digit of b?
1
Suppose t = -11 + 6, 4009 = 4*q - t. What is the hundreds digit of q?
0
Let r(j) = 39*j + 78. What is the units digit of r(19)?
9
Let q(v) = v - 4. Let n be q(8). Suppose -n*p + 10 - 2 = 0. Suppose -58 = -2*t + 2*z, 0*t + p*z + 106 = 4*t. What is the tens digit of t?
2
Suppose -5*f + 4313 = 2*r, -5*f + 2*r + 2333 = -1984. What is the units digit of f?
3
Let n = -2 - -4. Suppose 4*s + 5*u + 29 = 0, -2*s + 2*u + 0*u = -8. Let h = n + s. What is the units digit of h?
1
Let p = -13 - -25. Let g(o) = -o - 6. Let j be g(-6). Suppose j*f = 5*c + f - 108, -c + p = -3*f. What is the tens digit of c?
2
Let v(o) = 10*o + 7. Suppose 2*b = -4 - 8. Let d be v(b). Let z = 75 + d. What is the tens digit of z?
2
What is the hundreds digit of (32 + 1305)*((-33)/21 - -3)?
9
Suppose -34*y - 150 = -40*y. Let o(z) = -z**3 + 5*z**2 - 3*z + 1. Let x be o(5). Let p = y + x. What is the units digit of p?
1
Let h = 1107 - 747. What is the hundreds digit of h?
3
Let c = 21 - -69. What is the units digit of c?
0
Let w = -16 + 19. Let y = -6 - -14. What is the tens digit of w/((-12)/y) + 12?
1
Let d(n) = n**2 + 30*n - 128. What is the units digit of d(25)?
7
Let u(l) = -l**2 + 13*l - 12. Let k be u(12). Suppose 4*g + 2*g - 18 = k. Suppose g*j - 2*j - 56 = 0. What is the tens digit of j?
5
Let l be -85*-24*16/60. Suppose 3*n + 175 = l. What is the tens digit of n?
2
Let g = 262 + 136. What is the hundreds digit of g?
3
Let w(h) = h + 10. Let o be w(-7). Suppose -70 = 3*r + 5*v, 2*r + o*v + 44 = -v. Let g = 49 + r. What is the tens digit of g?
1
Let a(g) = g - 18. Suppose 9 = -v + 2*n, -4*v - 6*n - 47 = -3*n. Let u be a(v). What is the units digit of -1 + 1/1 - u?
9
Let w(a) = -a + 2 - a + 3*a + 32*a**2 - 31*a**2. Let m be 0 - (-2 + 3) - 2. What is the units digit of w(m)?
8
Suppose -29*j = -10*j - 5757. What is the tens digit of j?
0
Let c = -8 + 13. Let t = 190 + -86. Suppose c*y - t = y. What is the units digit of y?
6
Let d(g) = 140*g - 13. What is the units digit of d(2)?
7
Suppose -3*w + k = 2*k - 1565, -3*w - 4*k + 1580 = 0. What is the hundreds digit of w?
5
Let t be ((-1875)/6)/5*-2. Suppose 8*j - t = 3*j. What is the units digit of (18/30)/(1/j)?
5
Let c = -28 + 34. Let z(s) = 3*s**2 - 12*s - 13. What is the tens digit of z(c)?
2
Suppose -2*j = 5*a + j - 3, 5*a + 4*j + 1 = 0. Let x = 7 - 4. Suppose 56 + 2 = 5*d - x*h, -40 = -2*d - a*h. What is the units digit of d?
4
Let v = 2681 + -902. What is the thousands digit of v?
1
Suppose 0 = 2*q - u - 1859, q - 4*q = 4*u - 2761. Suppose -137*m + 140*m - q = 0. What is the hundreds digit of m?
3
Let t(v) = 22*v**2 - 4*v + 10. What is the units digit of t(5)?
0
Let n be (-8)/(-12)*9/(-2). Let a be (n/6)/(4/8). What is the units digit of (a - -14) + -15 + 12?
0
Suppose 121 + 177 = r - 5*u, -3*r + u + 866 = 0. What is the hundreds digit of r?
2
Let s(u) = -2*u - 1. Let w be s(7). Let m = w - -18. What is the units digit of m/((4/4)/5)?
5
Let b(s) = 5*s**2 - 26*s + 4. Let i(p) = -4*p**2 + 24*p - 3. Let f(u) = 5*b(u) + 6*i(u). What is the hundreds digit of f(9)?
2
Let s be 5841/22 - (-1)/(-2). Suppose -3*p + s = -614. What is the tens digit of p?
9
Let c be ((-41)/4)/((-6)/(-24)). Let l = 84 + c. What is the tens digit of l?
4
Let j(r) = 378*r**2 - 4*r + 5. What is the tens digit of j(1)?
7
Let a = 198 + 500. What is the hundreds digit of a?
6
Suppose -9 = -138*z + 139*z. What is the hundreds digit of z/(-6) + 3272/16?
2
Let r(w) = 188*w - 43. What is the thousands digit of r(11)?
2
Let k(a) = -a**3 - 16*a**2 + 46*a + 16. What is the tens digit of k(-23)?
6
Let a(v) = v - 7. Let i be a(-7). Suppose 0 = -33*w + 32*w - 20. Let s = i - w. What is the units digit of s?
6
Suppose 0 = -9*x + 1829 + 5002. What is th